te q(-2).
241
Let j(i) = -82*i - 3530. Calculate j(-38).
-414
Let k(b) = -17*b**3 - 3*b**2 + 124*b - 532. Calculate k(4).
-1172
Let a(i) = -i**3 - 134*i**2 - 299*i - 77667. What is a(-136)?
-11
Let c(s) = s**2 - 629*s - 31136. What is c(-46)?
-86
Let t(u) = -97760*u + 1759703. Calculate t(18).
23
Let b(q) = -55*q**2 - 7151*q - 172. Give b(-130).
-42
Let r(z) = -45*z + 603. Determine r(14).
-27
Let o(v) = 33*v**2 + 1943*v - 262. Give o(-59).
-26
Let f(d) = 7734*d + 100523. What is f(-13)?
-19
Let o(i) = 196*i - 5718. Determine o(-5).
-6698
Let x(d) = 50830*d - 355791. Determine x(7).
19
Let q(f) = -33*f**2 + 769*f + 1540. Determine q(-2).
-130
Let h(p) = -22485*p + 157481. Calculate h(7).
86
Let q(j) = -45*j**3 - 36*j**2 - 96*j - 36. Give q(-2).
372
Let c(a) = a**3 - 55*a**2 - 55*a - 509. Calculate c(56).
-453
Let o(d) = -39*d**2 - d + 760. Calculate o(0).
760
Let a(k) = -4*k**2 + 395260*k - 790515. Give a(2).
-11
Let j(h) = 10*h**2 + 587*h - 4667. Give j(8).
669
Let u(b) = -404*b - 10149. Calculate u(-25).
-49
Let k(i) = i**2 - 51*i - 1802. Calculate k(60).
-1262
Let t(m) = 43*m**2 - 6174*m + 36972. Calculate t(6).
1476
Let t(u) = -262*u**3 - 150127*u**2 - 572*u + 571. Calculate t(-573).
-2
Let f(a) = a**3 - 329*a**2 + 13271*a - 4794. What is f(282)?
0
Let g(d) = 2*d**2 - 84*d - 32. What is g(24)?
-896
Let z(q) = 9*q**3 - 17*q**2 - 50*q + 74. Determine z(2).
-22
Let o(h) = 12*h**2 - 692*h - 937. What is o(59)?
7
Let a(x) = x**3 - 192*x**2 + 2934*x - 1889. Calculate a(16).
-1
Let w(t) = 654*t + 7857. Give w(-17).
-3261
Let u(f) = -1041*f + 22571. Give u(22).
-331
Let t(d) = -2*d**2 - 7638*d + 130420. What is t(17)?
-4
Let r(o) = o**3 + 96*o**2 - 3346*o - 177. Give r(26).
-4701
Let s(g) = 6*g**3 + 14*g**2 + 245*g + 1637. What is s(-7)?
-1450
Let y(l) = 2*l**2 - 131*l + 315. Determine y(61).
-234
Let l(w) = 17*w**2 - 2881*w - 413. What is l(170)?
1117
Let a(m) = m**2 - 76*m + 1400. What is a(40)?
-40
Let t(j) = 101*j**3 - j**2 + 754*j - 754. Calculate t(1).
100
Let s(o) = o**2 + 124*o - 22669. What is s(95)?
-1864
Let s(v) = 4*v**3 - 3635*v**2 - 133080*v - 22657. Determine s(944).
-1
Let z(b) = -1396*b - 12229. Give z(-9).
335
Let d(s) = -9*s**3 - 16*s**2 - 566*s - 1077. Determine d(-2).
63
Let a(c) = -12*c**2 + 9026*c + 18048. Calculate a(-2).
-52
Let p(k) = -k**3 - 108*k**2 + 3509*k + 3355. Calculate p(-134).
5
Let s(v) = -1328*v - 192449. What is s(-145)?
111
Let j(g) = 29*g**3 + 1538*g**2 + 14*g - 161. Determine j(-53).
1906
Let a(h) = 87804*h - 16068139. Determine a(183).
-7
Let h(m) = 4*m**2 + 6940*m + 48454. Determine h(-7).
70
Let v(w) = -619*w**2 - 16721*w - 200. Give v(-27).
16
Let d(v) = -v**3 - 127*v**2 + 669*v + 1614. What is d(-132)?
426
Let f(q) = 3*q**3 + 6*q**2 - 183*q + 3. Give f(-9).
-51
Let i(m) = -99*m**3 + 24*m**2 - 21*m - 142. Calculate i(-2).
788
Let v(m) = -11*m**2 + 44*m + 313. What is v(-6)?
-347
Let x(q) = 19*q**3 - 3*q**2 + 54*q + 126. Determine x(-2).
-146
Let v(z) = -16*z + 3597. Calculate v(220).
77
Let l(b) = -1974*b - 33333. Determine l(-16).
-1749
Let l(z) = -77*z + 2539. Give l(34).
-79
Let x(c) = 2*c**3 - 222*c**2 + 2890*c + 46. Calculate x(15).
196
Let u(d) = 595*d - 51577. Determine u(80).
-3977
Let m(b) = 4*b**2 - 29*b - 561. Calculate m(-10).
129
Let z(y) = y**3 - 186*y**2 - 1027*y + 13753. Give z(191).
1
Let v(c) = -2*c**3 + 1523*c**2 + 8440*c - 2296. Determine v(767).
5
Let h(n) = -6*n**2 + 672*n + 8740. Determine h(124).
-188
Let s(b) = 345*b - 52542. Calculate s(153).
243
Let j(b) = -21*b**3 + 4*b**2 + 43*b + 6. Calculate j(-4).
1242
Let w(z) = -1166274*z + 2332522. What is w(2)?
-26
Let i(c) = 2*c**3 + 6*c**2 + 9*c - 95. Give i(0).
-95
Let s(q) = -156789*q - 25556610. Calculate s(-163).
-3
Let d(p) = -212*p**2 + 70*p + 103. Give d(2).
-605
Let u(y) = -132760*y - 796555. What is u(-6)?
5
Let g(d) = 13*d**2 + 2310*d - 974. What is g(-178)?
-262
Let t(y) = y**3 - 37*y**2 + 240*y - 339. Determine t(6).
-15
Let t(v) = -v**2 + 801*v - 36913. Give t(49).
-65
Let a(y) = -236*y + 11809. Give a(51).
-227
Let l(w) = -1193*w + 21500. What is l(18)?
26
Let a(k) = k**2 - 456*k + 7862. What is a(18)?
-22
Let h(c) = -c**3 + 6*c**2 + 11161*c - 55741. Calculate h(5).
89
Let m(j) = -10*j**2 + 185*j + 1007. Determine m(-5).
-168
Let q(o) = -o**3 + 6*o**2 + 5668*o - 33990. Calculate q(6).
18
Let r(l) = -247176*l - 8156825. Give r(-33).
-17
Let d(r) = -226998*r - 3631919. Calculate d(-16).
49
Let o(i) = -i**3 - 10*i**2 - 3271*i - 39618. What is o(-12)?
-78
Let k(y) = 3*y**2 - 332*y - 3094. Determine k(-9).
137
Let i(q) = -77*q**2 + 9911*q - 26335. Give i(126).
-1
Let p(t) = t**3 + 305826*t**2 + 2446546*t + 17. Give p(-8).
1
Let d(g) = 123*g**3 + 606*g**2 - 50*g - 31. Give d(-5).
-6
Let h(j) = 4752*j + 47704. Determine h(-10).
184
Let v(u) = 481*u**2 + 2815*u - 411. Calculate v(-6).
15
Let r(g) = g**2 + 1141*g + 314757. Determine r(-467).
-1
Let x(i) = 225*i - 3. Calculate x(-5).
-1128
Let c(p) = -2*p**3 - 7186*p**2 + 50386*p + 91. What is c(7)?
-7
Let r(n) = 5634*n - 39844. Give r(7).
-406
Let i(f) = -65*f**2 + 14825*f - 1157. What is i(228)?
-17
Let b(x) = -25*x**3 - 6*x**2 + 25*x + 98. Calculate b(-3).
644
Let b(t) = 6*t**2 + 1745*t + 26376. Calculate b(-16).
-8
Let h(v) = -12368*v - 3537269. Determine h(-286).
-21
Let t(c) = -c**3 + 383*c**2 - 1186*c + 17490. Give t(380).
10
Let b(m) = -m**3 - 107*m**2 + 89*m - 250. Give b(-108).
1802
Let b(j) = -j**2 - 795*j - 108502. Determine b(-175).
-2
Let f(a) = 3*a**3 + 112*a**2 - 570*a + 656. What is f(-42)?
-100
Let z(k) = -303*k**2 - 90221*k + 21749. Give z(-298).
-5
Let t(d) = -5961*d + 238399. Determine t(40).
-41
Let b(j) = 2467*j + 199007. Give b(-81).
-820
Let r(h) = 22802*h - 92421. Calculate r(4).
-1213
Let d(l) = -l**2 + 21476*l - 107348. Calculate d(5).
7
Let f(a) = -38*a**2 - 1018*a - 6121. What is f(-6)?
-1381
Let o(d) = -2*d**2 + 3653*d - 174185. Give o(49).
10
Let z(d) = d**2 + 48*d - 4122. What is z(45)?
63
Let b(v) = -269*v + 4466. What is b(18)?
-376
Let s(y) = -36*y - 3639. What is s(-101)?
-3
Let q(t) = -7857*t + 83654. Give q(11).
-2773
Let y(a) = 403*a + 12463. Determine y(-32).
-433
Let z(i) = 37*i**2 - 163104*i - 163102. What is z(-1)?
39
Let k(w) = -2437*w - 89900. What is k(-37)?
269
Let g(r) = -13*r**2 - 336*r + 33. Calculate g(-26).
-19
Let u(v) = -v**3 - 164*v**2 - 204*v + 19477. What is u(-162)?
37
Let r(z) = z**3 - 82*z**2 + 390*z - 24897. Give r(81).
132
Let b(m) = -145681*m + 11071766. Determine b(76).
10
Let o(g) = g**3 + 89*g**2 + 5*g - 83. Determine o(-89).
-528
Let s(x) = -2*x**3 - 94*x**2 + 149*x - 2200. What is s(-49)?
103
Let n(o) = 9*o**2 + 1305*o + 11. What is n(-145)?
11
Let c(d) = d**2 + 422970*d + 1691862. Give c(-4).
-2
Let n(x) = 20*x**3 - 1040*x**2 + 350*x - 18205. Determine n(52).
-5
Let o(v) = -5*v**3 + 987*v**2 - 1422*v + 9784. Determine o(196).
-16
Let b(m) = -9*m**2 - 105908*m - 635129. What is b(-6)?
-5
Let d(w) = -w**3 - 171*w**2 + 2295*w - 17871. Calculate d(-184).
-23
Let i(s) = -44825*s + 314055. Give i(7).
280
Let z(u) = 736*u**2 - 3727*u + 318. Determine z(5).
83
Let r(a) = -121*a**2 - 70*a + 878. Give r(-3).
-1
Let p(i) = -4*i**3 + 2*i**2 - 176*i + 920. Determine p(5).
-410
Let o(i) = 3*i**2 - 51*i - 675. Give o(-21).
1719
Let q(a) = -a**3 - 137*a**2 + 21*a + 5161. Give q(-137).
2284
Let b(q) = q**2 + 9774*q - 550506. Give b(56).
-26
Let k(g) = -g**3 + 44*g**2 - 112*g + 1063. Calculate k(44).
-3865
Let l(i) = 4*i**3 - i**2 + 14*i + 155. What is l(-7)?
-1364
Let d(n) = 21*n**3 + 844*n**2 + 156*n - 60. What is d(-40)?
100
Let y(d) = 65*d**2 + 1893*d + 13392. Give y(-17).
-4
Let g(k) = -1598*k + 9109. Calculate g(7).
-2077
Let w(c) = 16824*c - 2590892. Determine w(154).
4
Let w(x) = 19182401*x + 19182396. Give w(-1).
-5
Let n(j) = 14088*j - 380401. Give n(27).
-25
Let k(i) = 9*i**2 + 2670*i - 3633. Give k(-298).
-57
Let a(r) = 4*r**2 - 565*r - 6246. Give a(-11).
453
Let b(k) = -9014*k - 18024. Give b(-2).
4
Let c(g) = -g**3 - 13*g**2 + 3974*g + 51670. Give c(-13).
8
Let z(x) = -18*x**2 + 759*x + 6191. Give z(-7).
-4
Let d(q) = 38084*q + 3237139. Determine d(-85).
-1
Let g(n) = 2*n**3 - 26*n**2 + 1524*n + 62. Calculate g(0).
62
Let w(s) = s**2 + 392*s + 8795. Give w(-24).
-37
Let z(m) = 2124*m - 163530. Determine z(77